n divisor of 418 and 10?
2
Calculate the highest common factor of 2775 and 1221.
111
What is the greatest common divisor of 5572 and 49?
7
What is the greatest common divisor of 2760 and 300?
60
Calculate the highest common factor of 564 and 9964.
188
What is the highest common factor of 7155 and 1060?
265
Calculate the highest common divisor of 30 and 306.
6
What is the greatest common factor of 92 and 2369?
23
Calculate the greatest common factor of 798 and 3477.
57
What is the highest common divisor of 26 and 1833?
13
What is the greatest common divisor of 6015 and 15?
15
Calculate the greatest common factor of 3876 and 48.
12
What is the greatest common factor of 55 and 22?
11
Calculate the highest common divisor of 18 and 981.
9
What is the greatest common factor of 80 and 1080?
40
Calculate the highest common factor of 205 and 5.
5
Calculate the greatest common divisor of 1092 and 112.
28
Calculate the highest common factor of 286 and 234.
26
Calculate the greatest common divisor of 5705 and 70.
35
Calculate the greatest common divisor of 36 and 8388.
36
Calculate the highest common factor of 476 and 140.
28
Calculate the greatest common factor of 1287 and 286.
143
Calculate the greatest common divisor of 46 and 28.
2
What is the highest common factor of 72 and 630?
18
Calculate the highest common divisor of 78 and 9178.
26
What is the greatest common factor of 120 and 1650?
30
What is the highest common divisor of 6036 and 36?
12
What is the highest common factor of 148 and 2146?
74
Calculate the highest common factor of 234 and 27.
9
What is the highest common factor of 2 and 19?
1
Calculate the greatest common factor of 74 and 4.
2
What is the highest common divisor of 87 and 24?
3
What is the greatest common factor of 187 and 34?
17
What is the highest common divisor of 5549 and 155?
31
Calculate the greatest common factor of 1679 and 292.
73
What is the greatest common factor of 232 and 88?
8
Calculate the greatest common factor of 2419 and 59.
59
Calculate the greatest common factor of 114 and 86298.
114
Calculate the greatest common divisor of 684 and 171.
171
What is the highest common factor of 13 and 39?
13
Calculate the greatest common divisor of 462 and 84.
42
What is the highest common factor of 51 and 85?
17
Calculate the highest common divisor of 2 and 62.
2
Calculate the highest common factor of 10 and 135.
5
What is the highest common divisor of 428 and 17334?
214
Calculate the greatest common factor of 53885 and 65.
65
Calculate the greatest common factor of 1421 and 58.
29
What is the highest common factor of 9562 and 28?
14
What is the greatest common divisor of 306 and 90?
18
What is the highest common factor of 15 and 655?
5
What is the greatest common divisor of 3212 and 44?
44
What is the highest common factor of 43 and 301?
43
Calculate the highest common factor of 6111 and 273.
21
What is the highest common factor of 3822 and 234?
78
What is the greatest common divisor of 2541 and 539?
77
What is the greatest common divisor of 107 and 428?
107
What is the highest common factor of 42 and 266?
14
Calculate the greatest common factor of 25 and 2.
1
Calculate the highest common factor of 45 and 1629.
9
Calculate the highest common factor of 1558 and 133.
19
Calculate the highest common factor of 10 and 122.
2
What is the greatest common factor of 16436 and 14?
14
What is the greatest common divisor of 173 and 27?
1
What is the highest common divisor of 1 and 223?
1
What is the highest common divisor of 3458 and 52?
26
Calculate the greatest common factor of 194 and 17557.
97
Calculate the highest common factor of 35 and 185.
5
Calculate the highest common factor of 12 and 9798.
6
Calculate the greatest common factor of 41 and 1025.
41
What is the highest common divisor of 368 and 176?
16
Calculate the greatest common factor of 39978 and 18.
18
Calculate the greatest common factor of 1243 and 14125.
113
What is the greatest common factor of 80 and 13640?
40
Calculate the highest common divisor of 125 and 5.
5
What is the highest common factor of 112 and 3682?
14
Calculate the greatest common divisor of 74 and 518.
74
Calculate the highest common divisor of 315 and 35.
35
Calculate the highest common divisor of 15 and 2640.
15
Calculate the greatest common divisor of 108 and 4104.
108
What is the greatest common factor of 340 and 136?
68
Calculate the greatest common divisor of 15 and 129.
3
Calculate the greatest common divisor of 6424 and 16.
8
Calculate the greatest common factor of 2872 and 8.
8
What is the highest common divisor of 52 and 1950?
26
What is the highest common factor of 1955 and 230?
115
Calculate the highest common divisor of 387 and 45.
9
What is the greatest common factor of 3 and 709?
1
Calculate the highest common factor of 473 and 43.
43
What is the greatest common divisor of 162 and 24?
6
What is the highest common factor of 49 and 119?
7
What is the highest common factor of 224 and 160?
32
Calculate the highest common factor of 750 and 120.
30
What is the greatest common divisor of 303 and 101?
101
What is the greatest common divisor of 220 and 380?
20
What is the greatest common factor of 7 and 30499?
7
What is the greatest common factor of 294 and 2982?
42
What is the highest common divisor of 8777 and 737?
67
What is the greatest common factor of 35 and 5?
5
What is the greatest common factor of 609 and 49?
7
What is the highest common divisor of 2432 and 57?
19
Calculate the greatest common divisor of 85 and 5.
5
Calculate the highest common factor of 52 and 16.
4
What is the greatest common divisor of 275 and 75?
25
What is the highest common factor of 44820 and 18?
18
Calculate the highest common divisor of 24 and 1096.
8
What is the greatest common divisor of 1508 and 104?
52
Calculate the greatest common divisor of 6 and 30.
6
Calculate the highest common divisor of 30588 and 24.
12
What is the greatest common factor of 36 and 486?
18
What is the highest common divisor of 272 and 680?
136
Calculate the greatest common divisor of 31 and 73.
1
What is the greatest common divisor of 168 and 72?
24
Calculate the highest common factor of 186 and 93.
93
Calculate the highest common factor of 234 and 2.
2
Calculate the greatest common divisor of 1856 and 174.
58
What is the greatest common divisor of 564 and 3337?
47
Calculate the highest common factor of 35623 and 7.
7
Calculate the highest common divisor of 1292 and 136.
68
What is the greatest common factor of 2233 and 3451?
203
What is the highest common factor of 9482 and 5603?
431
Calculate the highest common divisor of 765 and 12410.
85
Calculate the greatest common factor of 9 and 171.
9
Calculate the greatest common factor of 42 and 3822.
42
What is the greatest common factor of 8159 and 287?
41
Calculate the highest common factor of 14 and 1309.
7
Calculate the highest common divisor of 20750 and 166.
166
What is the highest common divisor of 539 and 11?
11
Calculate the highest common factor of 29 and 551.
29
What is the highest common factor of 957 and 33?
33
Calculate the greatest common factor of 154 and 55.
11
What is the highest common factor of 10 and 1070?
10
Calculate the highest common divisor of 78 and 4550.
26
Calculate the highest common divisor of 253 and 184.
23
Calculate the highest common divisor of 304 and 266.
38
What is the highest common divisor of 55 and 1045?
55
Calculate the highest common factor of 6370 and 3675.
245
Calculate the greatest common factor of 4 and 26.
2
What is the highest common divisor of 40 and 1912?
8
What is the greatest common factor of 1767 and 399?
57
What is the greatest common factor of 24 and 3736?
8
Calculate the highest common divisor of 64 and 26.
2
Calculate the highest common factor of 1340 and 20.
20
What is the highest common divisor of 104 and 10088?
104
What is the highest common factor of 138 and 4002?
138
Calculate the highest common divisor of 276 and 1572.
12
What is the greatest common factor of 6480 and 450?
90
What is the highest common divisor of 56 and 70?
14
What is the highest common factor of 70 and 14?
14
What is the highest common factor of 474 and 30?
6
Calculate the greatest common factor of 234 and 1222.
26
What is the greatest common factor of 528 a